y 39?
33
What is the remainder when 217 is divided by 17?
13
Calculate the remainder when 2645 is divided by 32.
21
What is the remainder when 221 is divided by 38?
31
Calculate the remainder when 432 is divided by 211.
10
What is the remainder when 224 is divided by 45?
44
Calculate the remainder when 2395 is divided by 32.
27
Calculate the remainder when 305 is divided by 45.
35
Calculate the remainder when 383 is divided by 101.
80
What is the remainder when 2709 is divided by 40?
29
Calculate the remainder when 27 is divided by 18.
9
What is the remainder when 8594 is divided by 14?
12
Calculate the remainder when 6551 is divided by 655.
1
Calculate the remainder when 2678 is divided by 270.
248
What is the remainder when 470 is divided by 82?
60
What is the remainder when 91 is divided by 7?
0
Calculate the remainder when 1315 is divided by 110.
105
Calculate the remainder when 14175 is divided by 20.
15
Calculate the remainder when 37 is divided by 4.
1
What is the remainder when 617 is divided by 34?
5
Calculate the remainder when 143 is divided by 64.
15
Calculate the remainder when 3058 is divided by 5.
3
Calculate the remainder when 160 is divided by 23.
22
Calculate the remainder when 1163 is divided by 192.
11
Calculate the remainder when 246 is divided by 87.
72
What is the remainder when 710 is divided by 42?
38
Calculate the remainder when 1073 is divided by 77.
72
Calculate the remainder when 866 is divided by 67.
62
Calculate the remainder when 50 is divided by 11.
6
Calculate the remainder when 563 is divided by 66.
35
Calculate the remainder when 2995 is divided by 295.
45
What is the remainder when 3152 is divided by 157?
12
Calculate the remainder when 82 is divided by 27.
1
Calculate the remainder when 83 is divided by 17.
15
What is the remainder when 18 is divided by 7?
4
What is the remainder when 1685 is divided by 3?
2
Calculate the remainder when 119 is divided by 119.
0
Calculate the remainder when 467 is divided by 49.
26
What is the remainder when 390 is divided by 36?
30
What is the remainder when 904 is divided by 39?
7
Calculate the remainder when 2330 is divided by 53.
51
Calculate the remainder when 289 is divided by 73.
70
Calculate the remainder when 342 is divided by 22.
12
What is the remainder when 197 is divided by 51?
44
What is the remainder when 107 is divided by 12?
11
What is the remainder when 3316 is divided by 42?
40
What is the remainder when 399 is divided by 31?
27
Calculate the remainder when 64 is divided by 10.
4
Calculate the remainder when 1685 is divided by 26.
21
What is the remainder when 356 is divided by 16?
4
What is the remainder when 299 is divided by 75?
74
What is the remainder when 444 is divided by 47?
21
What is the remainder when 83775 is divided by 11?
10
Calculate the remainder when 356 is divided by 80.
36
Calculate the remainder when 711 is divided by 343.
25
Calculate the remainder when 753 is divided by 69.
63
Calculate the remainder when 285 is divided by 48.
45
What is the remainder when 56 is divided by 14?
0
What is the remainder when 24 is divided by 7?
3
What is the remainder when 797 is divided by 116?
101
What is the remainder when 74 is divided by 8?
2
Calculate the remainder when 38 is divided by 13.
12
Calculate the remainder when 93 is divided by 65.
28
Calculate the remainder when 2248 is divided by 44.
4
What is the remainder when 1703 is divided by 24?
23
Calculate the remainder when 88 is divided by 5.
3
Calculate the remainder when 133 is divided by 9.
7
What is the remainder when 176 is divided by 20?
16
What is the remainder when 5676 is divided by 17?
15
Calculate the remainder when 64 is divided by 31.
2
Calculate the remainder when 691 is divided by 29.
24
What is the remainder when 12177 is divided by 145?
142
Calculate the remainder when 950 is divided by 7.
5
What is the remainder when 374 is divided by 8?
6
Calculate the remainder when 504 is divided by 40.
24
What is the remainder when 207 is divided by 62?
21
What is the remainder when 452 is divided by 7?
4
Calculate the remainder when 2161 is divided by 7.
5
What is the remainder when 106 is divided by 56?
50
Calculate the remainder when 216 is divided by 37.
31
Calculate the remainder when 120 is divided by 82.
38
What is the remainder when 478 is divided by 120?
118
What is the remainder when 5001 is divided by 65?
61
Calculate the remainder when 88 is divided by 19.
12
Calculate the remainder when 226 is divided by 111.
4
What is the remainder when 50 is divided by 22?
6
What is the remainder when 526 is divided by 171?
13
Calculate the remainder when 54 is divided by 8.
6
Calculate the remainder when 1794 is divided by 53.
45
What is the remainder when 200 is divided by 51?
47
What is the remainder when 812 is divided by 74?
72
Calculate the remainder when 9638 is divided by 63.
62
What is the remainder when 573 is divided by 191?
0
Calculate the remainder when 12648 is divided by 7.
6
Calculate the remainder when 78 is divided by 14.
8
Calculate the remainder when 72 is divided by 22.
6
What is the remainder when 250 is divided by 26?
16
Calculate the remainder when 1429 is divided by 65.
64
Calculate the remainder when 338 is divided by 36.
14
Calculate the remainder when 12319 is divided by 111.
109
What is the remainder when 1933 is divided by 13?
9
Calculate the remainder when 263 is divided by 38.
35
What is the remainder when 82609 is divided by 137?
135
Calculate the remainder when 1752 is divided by 35.
2
What is the remainder when 188 is divided by 38?
36
Calculate the remainder when 21 is divided by 20.
1
What is the remainder when 251 is divided by 16?
11
Calculate the remainder when 6367 is divided by 199.
198
What is the remainder when 1485 is divided by 150?
135
Calculate the remainder when 105 is divided by 12.
9
Calculate the remainder when 724 is divided by 28.
24
What is the remainder when 361 is divided by 346?
15
What is the remainder when 118 is divided by 17?
16
Calculate the remainder when 1059 is divided by 53.
52
Calculate the remainder when 294 is divided by 31.
15
Calculate the remainder when 562 is divided by 160.
82
Calculate the remainder when 709 is divided by 679.
30
Calculate the remainder when 1501 is divided by 26.
19
Calculate the remainder when 544 is divided by 11.
5
Calculate the remainder when 752 is divided by 13.
11
What is the remainder when 388 is divided by 104?
76
Calculate the remainder when 498 is divided by 25.
23
What is the remainder when 2496 is divided by 100?
96
What is the remainder when 276 is divided by 70?
66
Calculate the remainder when 641 is divided by 200.
41
Calculate the remainder when 3405 is divided by 103.
6
Calculate the remainder when 20 is divided by 16.
4
What is the remainder when 206 is divided by 35?
31
What is the remainder when 1151 is divided by 12?
11
Calculate the remainder when 154 is divided by 10.
4
What is the remainder when 1061 is divided by 59?
58
Calculate the remainder when 481 is divided by 149.
34
What is the remainder when 433 is divided by 64?
49
What is the remainder when 63 is divided by 46?
17
Calculate the remainder when 330 is divided by 19.
7
Calculate the remainder when 773 is divided by 156.
149
Calculate the remainder when 1001 is divided by 1000.
1
What is the remainder when 12 is divided by 2?
0
Calculate the remainder when 1330 is divided by 15.
10
What is the remainder when 265 is divided by 126?
13
What is the remainder when 210 is divided by 203?
7
What is the remainder when 135 is divided by 37?
24
What is the remainder when 1829 is divided by 911?
7
What is the remainder when 140 is divided by 36?
32
What is the remainder when 1873 is divided by 1865?
8
What is the remainder when 1387 is divided by 174?
169
Calculate the remainder when 142 is divided by 31.
18
What is the remainder when 967 is divided by 22?
21
What is the remainder when 422 is divided by 47?
46
Calculate the remainder when 43 is divided by 31.
12
What is the remainder when 715 is divided by 120?
115
Calculate the remainder when 77 is divided by 35.
7
What is the remainder when 618 is divided by 124?
122
What is the remainder when 51809 is divided by 30?
29
What is the remainder when 75 is divided by 11?